{"id":10,"date":"2015-07-13T11:12:26","date_gmt":"2015-07-13T11:12:26","guid":{"rendered":"http:\/\/sfkbr.apps-1and1.net\/?page_id=10"},"modified":"2026-04-13T11:48:45","modified_gmt":"2026-04-13T11:48:45","slug":"schule","status":"publish","type":"page","link":"https:\/\/schule-fuer-kinder-beruflich-reisender.de\/?page_id=10","title":{"rendered":"Verwaltung und Schulleitung"},"content":{"rendered":"\n<p>In Wiesbaden befindet sich im Ludwig-Eibach-Haus der Sitz des Leitungsb\u00fcros der Schule f\u00fcr Kinder beruflich Reisender (Johannes-Brahms-Stra\u00dfe 15 in 65193 Wiesbaden). Hier arbeitet die Schulleitung und von hier wird die Schule verwaltet. Unterricht wird dort allerdings nicht durchgef\u00fchrt. Die Sch\u00fclerinnen und Sch\u00fcler werden an den Pl\u00e4tzen und Orten unterrichtet, wo sie sich gerade aufhalten. Entweder per <a href=\"http:\/\/punktklang.de\/das-reisende-klassenzimmer\/\">Lernmobil<\/a> oder per <a href=\"https:\/\/schule-fuer-kinder-beruflich-reisender.de\/open-and-distance-learning-odl\/\" target=\"_blank\" rel=\"noopener\">computergest\u00fctztem Fernlernunterricht<\/a>.<\/p>\n\n\n\n<figure class=\"wp-block-image\"><a href=\"https:\/\/schule-fuer-kinder-beruflich-reisender.de\/wp-content\/uploads\/2015\/07\/Hessenmap-Lernmobile-weniger-Deckkraft-kleiner.png\"><img loading=\"lazy\" decoding=\"async\" width=\"209\" height=\"300\" src=\"https:\/\/schule-fuer-kinder-beruflich-reisender.de\/wp-content\/uploads\/2015\/07\/Hessenmap-Lernmobile-weniger-Deckkraft-kleiner-209x300.png\" alt=\"Hessenmap Lernmobile - weniger Deckkraft - kleiner\" class=\"wp-image-197\" srcset=\"https:\/\/schule-fuer-kinder-beruflich-reisender.de\/wp-content\/uploads\/2015\/07\/Hessenmap-Lernmobile-weniger-Deckkraft-kleiner-209x300.png 209w, https:\/\/schule-fuer-kinder-beruflich-reisender.de\/wp-content\/uploads\/2015\/07\/Hessenmap-Lernmobile-weniger-Deckkraft-kleiner.png 556w\" sizes=\"auto, (max-width: 209px) 100vw, 209px\" \/><\/a><\/figure>\n\n\n\n<p><\/p>\n\n\n\n<p><span style=\"color: #999999;\">Quelle der Original Datei: \u201eHesse relief location map\u201c von Karte\/Map: NordNordWest\/Lencer, Lizenz\/Licence: Creative Commons by-sa-3.0 de. Lizenziert unter CC BY-SA 3.0 de \u00fcber Wikimedia Commons &#8211; https:\/\/commons.wikimedia.org\/wiki\/File:Hesse_relief_location_map.svg#\/media\/File:Hesse_relief_location_map.svg<\/span><\/p>\n\n\n\n<p>&nbsp;<\/p>\n\n\n\n<p><\/p>\n","protected":false},"excerpt":{"rendered":"<p>In Wiesbaden befindet sich im Ludwig-Eibach-Haus der Sitz des Leitungsb\u00fcros der Schule f\u00fcr Kinder beruflich Reisender (Johannes-Brahms-Stra\u00dfe 15 in 65193 Wiesbaden). Hier arbeitet die Schulleitung und von hier wird die Schule verwaltet. Unterricht wird dort allerdings nicht durchgef\u00fchrt. Die Sch\u00fclerinnen &hellip; <a href=\"https:\/\/schule-fuer-kinder-beruflich-reisender.de\/?page_id=10\">Weiterlesen <span class=\"meta-nav\">&rarr;<\/span><\/a><\/p>\n","protected":false},"author":4,"featured_media":131,"parent":0,"menu_order":0,"comment_status":"closed","ping_status":"closed","template":"","meta":{"footnotes":""},"class_list":["post-10","page","type-page","status-publish","has-post-thumbnail","hentry"],"_links":{"self":[{"href":"https:\/\/schule-fuer-kinder-beruflich-reisender.de\/index.php?rest_route=\/wp\/v2\/pages\/10","targetHints":{"allow":["GET"]}}],"collection":[{"href":"https:\/\/schule-fuer-kinder-beruflich-reisender.de\/index.php?rest_route=\/wp\/v2\/pages"}],"about":[{"href":"https:\/\/schule-fuer-kinder-beruflich-reisender.de\/index.php?rest_route=\/wp\/v2\/types\/page"}],"author":[{"embeddable":true,"href":"https:\/\/schule-fuer-kinder-beruflich-reisender.de\/index.php?rest_route=\/wp\/v2\/users\/4"}],"replies":[{"embeddable":true,"href":"https:\/\/schule-fuer-kinder-beruflich-reisender.de\/index.php?rest_route=%2Fwp%2Fv2%2Fcomments&post=10"}],"version-history":[{"count":10,"href":"https:\/\/schule-fuer-kinder-beruflich-reisender.de\/index.php?rest_route=\/wp\/v2\/pages\/10\/revisions"}],"predecessor-version":[{"id":1906,"href":"https:\/\/schule-fuer-kinder-beruflich-reisender.de\/index.php?rest_route=\/wp\/v2\/pages\/10\/revisions\/1906"}],"wp:featuredmedia":[{"embeddable":true,"href":"https:\/\/schule-fuer-kinder-beruflich-reisender.de\/index.php?rest_route=\/wp\/v2\/media\/131"}],"wp:attachment":[{"href":"https:\/\/schule-fuer-kinder-beruflich-reisender.de\/index.php?rest_route=%2Fwp%2Fv2%2Fmedia&parent=10"}],"curies":[{"name":"wp","href":"https:\/\/api.w.org\/{rel}","templated":true}]}}